mon divisor of 21 and s?
3
Let p = 9069 + -9065. Let t be 166 + (-3)/6*4. What is the greatest common factor of t and p?
4
Let y be 56/(-12)*((-216)/63 - 3). Let f(s) = s**3 + s**2 - s + 4. Let a be f(0). What is the highest common factor of a and y?
2
Suppose -3*b + 16 = 2*v, -21*b = 5*v - 22*b - 57. Suppose -831 = -v*z - 270. Calculate the greatest common divisor of 51 and z.
51
Let t be (-30)/(-80) + (-2)/((-80)/250105). Calculate the greatest common factor of 37 and t.
37
Let i = 4225 - 2399. Calculate the greatest common divisor of i and 22.
22
Let r = 2850 - 2836. Calculate the highest common divisor of 2779 and r.
7
Let f be (200 - 48) + 224/120 + 2/15. What is the highest common divisor of f and 350?
14
Suppose -546 = -58*b + 61*b. Let h be 2/(-13) - (-7)/(b/(-1044)). Suppose -190 = -5*a - h. What is the highest common factor of 75 and a?
15
Suppose k - 3*h = 751, -2*k - 57*h + 60*h + 1499 = 0. What is the greatest common divisor of k and 8?
4
Suppose i = -4*r + 6564 - 1688, 4*r = 4*i + 4856. Calculate the greatest common divisor of 464 and r.
58
Suppose -4*d = k - 14768, 3*d + k - 368 = 10708. Calculate the highest common divisor of d and 156.
52
Let x(c) = c**3 - 7*c**2 - 2*c + 11. Let l be x(5). Let a = l + 52. Suppose z - 94 = -u + 3*z, 449 = 5*u - a*z. Calculate the highest common factor of u and 8.
8
Let o be ((-28)/(-5))/((-14)/(-35)). Let b(m) = -m**2 + 70*m - 370. Let v be b(62). Calculate the highest common divisor of o and v.
14
Let v be 87626/138 + (-310)/(-10695). Calculate the highest common divisor of v and 7239.
127
Let j(s) = s**2 - 12. Let f = -57 + 62. Suppose -5*c + f*x = -35, 4*c - 2*x + 3*x = 23. Let n be j(c). What is the highest common divisor of 56 and n?
8
Suppose -147411 = -3*a - 5*b + 51430, -3*b + 265114 = 4*a. What is the highest common divisor of a and 347?
347
Suppose -2*f = 5607 - 5617. Calculate the greatest common divisor of f and 10.
5
Let n be (-49)/(-5) - (-1 - 8/(-10)). Suppose n*o = 5*o - 40. Let l be o/(125/(-30) - -4). Calculate the highest common factor of 72 and l.
24
Let w = 297 - 198. Let i be (6/7)/(((-30)/2919)/10). Let x = i + 843. What is the greatest common factor of x and w?
9
Suppose 2*y = 2*n + 20, -20*n = -9*n + 22. Calculate the greatest common divisor of y and 1452.
4
Suppose -2*q = -4*q + 8. Suppose -v - 325 = -5*w, q*v + 25 = 2*w - 105. Suppose -23 = -4*r + w. What is the highest common factor of 2 and r?
2
Suppose 0 = -7*p - 248*p - 203*p + 718144. What is the highest common factor of p and 1274?
98
Let m(n) = -601*n - 3108. Let k be m(-7). What is the greatest common divisor of 21 and k?
7
Let r(k) = -5*k - 20. Let a be (-45)/18*12/2. Let q be r(a). Let i(g) = -g**3 + 7*g**2 - 7*g - 10. Let p be i(5). What is the highest common divisor of p and q?
5
Suppose 77*w = 2020 + 290. What is the greatest common factor of 1062 and w?
6
Let r(y) = -5*y**2 + 266*y - 11. Let g be r(53). Calculate the highest common factor of 7056 and g.
42
Let g(p) = 3*p**2 - 74*p + 1. Let x be g(25). Let m(q) = -3*q**2 + 80*q + 56. Let k be m(x). Calculate the highest common divisor of 9 and k.
9
Let v(i) = 60 + 11*i + i**2 + 52 - 10*i + i**3. Let a be v(0). What is the greatest common factor of a and 21?
7
Let q be ((-60)/16 - 1)*-12. Let z = -42 + q. Let u be 5/(-2)*12/(-5). What is the greatest common factor of u and z?
3
Let k = -133 - -135. Suppose 16*o - 882 = k*o. Calculate the highest common divisor of 27 and o.
9
Let s be 5 - ((-35)/7 - (1 - (8 - 1))). Suppose -16 = -5*x - 2*z + 46, 30 = x - 4*z. Calculate the greatest common divisor of s and x.
2
Suppose -5*m = -2*x + 8 + 6, 2 = 5*x + 4*m. Suppose -3*g + x*k = -44, 4*k + 28 = 6*g - 5*g. Calculate the greatest common divisor of 564 and g.
12
Let c(r) = -r**3 + 7*r**2 - 3*r - 12. Let z be c(4). Let v be 669/z - (-5)/40. Calculate the greatest common factor of v and 7.
7
Let n(l) = 19*l**2 - 20*l + 57. Let u be n(5). Suppose 282 = 17*b - u. Let o = -119 + 224. Calculate the highest common divisor of b and o.
21
Suppose -2*w + 9072 = -13*w + 25*w. Let b = 252 - 180. What is the greatest common factor of w and b?
72
Let c be 6/1*(-75*2773/(-1410) - (5 - 0)). Suppose -2*m + 137 - 17 = 2*a, -54 = -a + m. Calculate the highest common divisor of a and c.
57
Let o(x) = -x**3 + 10*x**2 - 22*x + 182. Let m be o(0). Calculate the greatest common factor of 4186 and m.
182
Suppose -120 = -9*a + 33. Suppose -2*j + 6*j - 8 = 0. Suppose -b + j*p - 123 = -2*b, 0 = -5*b - 3*p + 601. Calculate the greatest common factor of b and a.
17
Suppose -85*l - 5*i = -88*l + 110, -4*l = 3*i - 195. Calculate the greatest common divisor of 1584 and l.
9
Let m = -18 + 108. Let z(l) = 6*l + 10 - 15*l + 4*l. Let o be z(0). What is the highest common divisor of o and m?
10
Let h = -227 - 238. Let m = 605 + h. Calculate the greatest common factor of m and 80.
20
Let r = 84 + -45. Suppose -k + 5*f + r = -28, f = 3*k - 215. Let c = k + -27. Calculate the greatest common factor of c and 9.
9
Suppose 0 = 88*s - 43*s - 48*s + 1134. What is the highest common divisor of s and 168?
42
Suppose 3*a = 3*n + 14214, -3*n = -0*a + 5*a - 23698. What is the highest common factor of a and 7?
7
Let s = -136 - -173. Suppose 2*i + 80 = 3*b, -4*i = 3*b - 73 - s. Calculate the highest common factor of b and 66.
6
Suppose -l + 3210 = 5*x, l - 5*x + 3*x - 3245 = 0. What is the greatest common divisor of 10 and l?
5
Let d(s) = -s**2 + 56*s + 82. Let h be d(42). Calculate the greatest common divisor of 30 and h.
10
Suppose 54*j - 909 = 495. Calculate the highest common factor of 1469 and j.
13
Let r(w) = 5*w - 48. Let v(j) = -5*j + 49. Let s(z) = 5*r(z) + 6*v(z). Let g be s(6). Let c = g + -4. What is the greatest common divisor of 15 and c?
5
Let j = 4009 + -3893. What is the greatest common divisor of 116 and j?
116
Let y be (-4)/(-84) - 1236365/(-2415). What is the greatest common factor of 10 and y?
2
Let k = 8 + -9. Let a be (-21)/14*(k + -1). Suppose -359*m + 354*m + 105 = 0. Calculate the greatest common divisor of a and m.
3
Suppose 5*a + 49*f - 466 = 51*f, -3*a - 2*f = -270. Let j = 605 + a. What is the greatest common divisor of j and 41?
41
Let y(z) = 315*z + 1582. Let v be y(-4). What is the greatest common divisor of 69 and v?
23
Let z(q) = q. Let t be z(5). Let m = -61398 + 61399. What is the highest common factor of m and t?
1
Let f(d) = 3*d**3 + d**2 - 4*d + 3. Let h be f(2). Let y = h - -25. Let a = 2682 - 2610. What is the highest common factor of y and a?
24
Let s(d) = d + 16. Let a be s(-13). Suppose -a*o = -2*o - 4. Suppose o*y = 10*y - 102. What is the highest common factor of 187 and y?
17
Let h be -1*(1 + 0) - -6. Let y(v) = -v**3 - 19*v**2 + 43*v + 80. Let z be y(-21). Suppose z - 584 = -h*q. Calculate the greatest common divisor of q and 21.
21
Suppose -4*f = 3*y - 106, 2*f = -3*y + 4*f + 118. Suppose y*z - 16*z - 4356 = 0. Calculate the greatest common divisor of z and 18.
18
Suppose 8973 = -22*b + 177*b + 3238. Calculate the highest common divisor of b and 18463.
37
Suppose 0 = 9*b - 154 + 145. Let f be (-5 + (0 - -4))/b - -111. Calculate the highest common divisor of f and 88.
22
Let y be (-1 + 35/15)/((-4)/(-9)). Let p be (0/(-2) - (y + -2)) + 18. Calculate the highest common factor of 17 and p.
17
Let t be (240/(-225))/((-2)/(-10))*(-1260)/15. Calculate the highest common factor of t and 1904.
112
Let g = -8814 + 17415. What is the highest common factor of g and 183?
183
Let g(w) = 19*w**2 - 3*w + 1. Let n be g(2). Let x = n - 95. Let o be 2*-3*(-3)/(x/(-20)). What is the greatest common factor of o and 3?
3
Let o = -7113 - -7548. What is the highest common divisor of o and 345?
15
Suppose -3*b - 2*t = -5266, -5*t - 3220 - 1990 = -3*b. Calculate the greatest common factor of 10 and b.
10
Let z be (3 - 4)*13 + 1154. What is the highest common factor of 14 and z?
7
Let v be (3/(-4))/(49643/(-2068) - -24). Calculate the greatest common factor of 2068 and v.
47
Let l(b) = 6*b + 1566. Let g be l(35). What is the highest common factor of g and 6?
6
Let k be -3 - ((-1022)/3)/((-6)/(-180) + 0). What is the greatest common divisor of 51 and k?
17
Suppose 238 = 5*t - 3*u, -2*t + 5*u - u + 112 = 0. What is the greatest common factor of 242 and t?
22
Let y = 17062 + -14009. Calculat